{"id":418,"date":"2023-11-13T23:16:42","date_gmt":"2023-11-13T22:16:42","guid":{"rendered":"https:\/\/old.mederi-formation.fr\/?page_id=418"},"modified":"2023-11-15T23:35:10","modified_gmt":"2023-11-15T22:35:10","slug":"mentions-legales","status":"publish","type":"page","link":"https:\/\/old.mederi-formation.fr\/index.php\/mentions-legales\/","title":{"rendered":"Mentions l\u00e9gales"},"content":{"rendered":"\n<div class=\"wp-block-heading-bubble-wrapper\" style=\"--bubble-color:var(--wp--preset--color--tertiary)\"><h1 class=\"wp-block-heading\">Mentions l\u00e9gales<\/h1><div class=\"heading-bubble\"><span class=\"bubble-inner\"><\/span><\/div><\/div>\n\n\n\n<h3 class=\"wp-block-heading\">D\u00e9nomination sociale<\/h3>\n\n\n\n<p class=\"wp-block-paragraph\"><em>Mederi Formation est une activit\u00e9 de Pollen Scop<\/em><\/p>\n\n\n\n<p class=\"wp-block-paragraph\"><strong>Pollen Scop<\/strong><\/p>\n\n\n\n<p class=\"wp-block-paragraph\">Soci\u00e9t\u00e9 coop\u00e9rative et participative, Soci\u00e9t\u00e9 Anonyme, \u00e0 capital variable. (Scop SA)<br>RCS Aubenas\u00a0: 439 076 563<br>Code APE 7022Z<br>Capital variable (minimum): 7 000,00 Euros<br><strong>Agr\u00e9ment entreprise solidaire d\u00e9livr\u00e9 par le pr\u00e9fet de l\u2019Ard\u00e8che N\u00b007-2012<\/strong><\/p>\n\n\n\n<p class=\"wp-block-paragraph\"><\/p>\n\n\n\n<p class=\"wp-block-paragraph\"><strong>Si\u00e8ge Social\u00a0:<\/strong><\/p>\n\n\n\n<p class=\"wp-block-paragraph\"><strong>POLLEN SCOP<\/strong><\/p>\n\n\n\n<p class=\"wp-block-paragraph\"><strong>30 Avenue de Zelzate<\/strong><\/p>\n\n\n\n<p class=\"wp-block-paragraph\"><strong>07200 Aubenas<\/strong><\/p>\n\n\n\n<p class=\"wp-block-paragraph\"><strong>04 75 94 87 72<\/strong><\/p>\n\n\n\n<p class=\"wp-block-paragraph\"><strong>E-mail:contact@pollen.coop<\/strong><\/p>\n\n\n\n<p class=\"wp-block-paragraph\"><\/p>\n\n\n\n<h3 class=\"wp-block-heading\"><strong>R\u00e9alisation et maintenance du site :<\/strong><\/h3>\n\n\n\n<p class=\"wp-block-paragraph\"><strong>Alex VACHON<\/strong><\/p>\n\n\n\n<p class=\"wp-block-paragraph\">Email :\u00a0contact@ostalada.com<\/p>\n\n\n\n<p class=\"wp-block-paragraph\"><\/p>\n\n\n\n<h4 class=\"wp-block-heading\"><strong>Directeur\/trice de publication et r\u00e9dacteur\/rice :<\/strong><\/h4>\n\n\n\n<p class=\"wp-block-paragraph\">Guillaume BERTRAND, Marjorie BERNARD et Anne JOURGET<\/p>\n\n\n\n<p class=\"wp-block-paragraph\"><strong>Conception graphique : <\/strong>Romain HAONFAURE<\/p>\n\n\n\n<p class=\"wp-block-paragraph\"><strong>H\u00e9bergement :<\/strong> hostinger.fr<\/p>\n\n\n\n<p class=\"wp-block-paragraph\">Le site <strong>old.mederi-formation.fr<\/strong> est h\u00e9berg\u00e9 par <strong>Hostinger<\/strong> dont le si\u00e8ge social est situ\u00e9\u00a0<strong>HOSTINGER INTERNATIONAL LTD, 61 Lordou Vironos Street, 6023 Larnaca, Chypre<\/strong>, joignable par le moyen suivant : https:\/\/www.hostinger.fr\/contact.<\/p>\n\n\n\n<p class=\"wp-block-paragraph\"><\/p>\n\n\n\n<h4 class=\"wp-block-heading\"><strong>Droits d\u2019auteur et de reproduction&nbsp;:<\/strong><\/h4>\n\n\n\n<p class=\"wp-block-paragraph\">Ce site est soumis \u00e0 la l\u00e9gislation fran\u00e7aise.<\/p>\n\n\n\n<p class=\"wp-block-paragraph\">Tous les droits de reproduction, sur quelque support que ce soit, sont r\u00e9serv\u00e9s. La reproduction et l\u2019utilisation du contenu de tout ou partie de ce site autres qu\u2019individuelles et priv\u00e9es sont interdites, sauf autorisation expresse et pr\u00e9alable de l\u2019\u00e9diteur.<\/p>\n\n\n\n<p class=\"wp-block-paragraph\"><\/p>\n\n\n\n<h4 class=\"wp-block-heading\"><strong>Images et vid\u00e9os&nbsp;:<\/strong><\/h4>\n\n\n\n<p class=\"wp-block-paragraph\"><strong>\u200b<\/strong>Les images pr\u00e9sentes sur ce site sont soit la propri\u00e9t\u00e9 de mederi formation, et\/ou libre de droits.\u00a0<\/p>\n\n\n\n<p class=\"wp-block-paragraph\">Si un des \u00e9l\u00e9ments d\u2019illustration pr\u00e9sents sur le site l\u00e8se les droits d\u2019un tiers, cet \u00e9l\u00e9ment peut \u00eatre retir\u00e9 sur simple demande justifi\u00e9e.&nbsp;<\/p>\n\n\n\n<p class=\"wp-block-paragraph\">Vous pouvez adresser votre demande \u00e0 contact@old.mederi-formation.fr <\/p>\n\n\n\n<p class=\"wp-block-paragraph\"><\/p>\n\n\n\n<h4 class=\"wp-block-heading\"><strong>Donn\u00e9es personnelles (RGPD) :<\/strong><strong><\/strong><\/h4>\n\n\n\n<p class=\"wp-block-paragraph\"><strong>Mederi formation<\/strong> pourra \u00eatre amen\u00e9\u00a0\u00e0 collecter des donn\u00e9es personnelles concernant l\u2019Utilisateur. Ces donn\u00e9es personnelles feront l\u2019objet d\u2019un traitement automatis\u00e9 et pourront \u00eatre destin\u00e9es \u00e0 vous contacter. Conform\u00e9ment aux dispositions de la loi n\u00b078-17 du 6 janvier 1978 modifi\u00e9e, relative \u00e0 l\u2019informatique, aux fichiers et aux libert\u00e9s, l\u2019Utilisateur est inform\u00e9 qu\u2019il dispose d\u2019un droit d\u2019acc\u00e8s, d\u2019opposition, de rectification et de radiation des donn\u00e9es le concernant. Pour exercer ces droits, il suffit \u00e0 l\u2019utilisateur d\u2019en faire la demande \u00e0 l\u2019adresse \u00e9lectronique suivante :\u00a0<a href=\"mailto:contact@old.mederi-formation.fr\" data-type=\"mailto\" data-id=\"mailto:contact@old.mederi-formation.fr\">contact@old.mederi-formation.fr<\/a><\/p>\n\n\n\n<p class=\"wp-block-paragraph\">L&rsquo;Utilisateur autorise d&rsquo;ores et d\u00e9j\u00e0 <strong>mederi formation<\/strong> \u00e0 effectuer des analyses statistiques sur l&rsquo;utilisation et la typologie des Utilisateurs tout en pr\u00e9servant l&rsquo;anonymat de ces derniers.<\/p>\n\n\n\n<p class=\"wp-block-paragraph\"><strong>Mederi formation<\/strong> s\u2019engage \u00e0 pr\u00e9server la confidentialit\u00e9 des donn\u00e9es personnelles transmises par l\u2019utilisateur dans le cadre de l\u2019utilisation du Site. Par ailleurs, sous r\u00e9serve d&rsquo;avoir obtenu son consentement expr\u00e8s et pr\u00e9alable lors de la collecte des donn\u00e9es,\u00a0<strong>Mederi formation<\/strong> pourra adresser \u00e0 l&rsquo;utilisateur des prospections directes par courrier \u00e9lectronique.<\/p>\n\n\n\n<p class=\"wp-block-paragraph\">Enfin, sous r\u00e9serve d&rsquo;avoir obtenu son consentement expr\u00e8s et pr\u00e9alable lors de la collecte des donn\u00e9es,\u00a0\u00a0<strong>Mederi formation<\/strong> pourra \u00eatre amen\u00e9\u00a0\u00e0 transf\u00e9rer les donn\u00e9es concernant l&rsquo;utilisateur \u00e0 ses partenaires.<\/p>\n\n\n\n<p class=\"wp-block-paragraph\"><\/p>\n\n\n\n<p class=\"wp-block-paragraph\"><\/p>\n\n\n\n<p class=\"wp-block-paragraph\"><\/p>\n","protected":false},"excerpt":{"rendered":"<p>Mentions l\u00e9gales D\u00e9nomination sociale Mederi Formation est une activit\u00e9 de Pollen Scop Pollen Scop Soci\u00e9t\u00e9 coop\u00e9rative et participative, Soci\u00e9t\u00e9 Anonyme, \u00e0 capital variable. (Scop SA)RCS Aubenas\u00a0: 439 076 563Code APE 7022ZCapital variable (minimum): 7 000,00 EurosAgr\u00e9ment entreprise solidaire d\u00e9livr\u00e9 par le pr\u00e9fet de l\u2019Ard\u00e8che N\u00b007-2012 Si\u00e8ge Social\u00a0: POLLEN SCOP 30 Avenue de Zelzate 07200 Aubenas [&hellip;]<\/p>\n","protected":false},"author":1,"featured_media":0,"parent":0,"menu_order":0,"comment_status":"closed","ping_status":"closed","template":"","meta":{"footnotes":""},"class_list":["post-418","page","type-page","status-publish","hentry"],"acf":[],"_links":{"self":[{"href":"https:\/\/old.mederi-formation.fr\/index.php\/wp-json\/wp\/v2\/pages\/418","targetHints":{"allow":["GET"]}}],"collection":[{"href":"https:\/\/old.mederi-formation.fr\/index.php\/wp-json\/wp\/v2\/pages"}],"about":[{"href":"https:\/\/old.mederi-formation.fr\/index.php\/wp-json\/wp\/v2\/types\/page"}],"author":[{"embeddable":true,"href":"https:\/\/old.mederi-formation.fr\/index.php\/wp-json\/wp\/v2\/users\/1"}],"replies":[{"embeddable":true,"href":"https:\/\/old.mederi-formation.fr\/index.php\/wp-json\/wp\/v2\/comments?post=418"}],"version-history":[{"count":5,"href":"https:\/\/old.mederi-formation.fr\/index.php\/wp-json\/wp\/v2\/pages\/418\/revisions"}],"predecessor-version":[{"id":605,"href":"https:\/\/old.mederi-formation.fr\/index.php\/wp-json\/wp\/v2\/pages\/418\/revisions\/605"}],"wp:attachment":[{"href":"https:\/\/old.mederi-formation.fr\/index.php\/wp-json\/wp\/v2\/media?parent=418"}],"curies":[{"name":"wp","href":"https:\/\/api.w.org\/{rel}","templated":true}]}}